{"id":135,"date":"2025-01-17T18:07:57","date_gmt":"2025-01-17T18:07:57","guid":{"rendered":"https:\/\/evkiweck.de\/?page_id=135"},"modified":"2026-01-11T17:01:54","modified_gmt":"2026-01-11T16:01:54","slug":"kindergottesdienst-in-wendelsheim","status":"publish","type":"page","link":"https:\/\/evkiweck.de\/index.php\/kindergottesdienst-in-wendelsheim\/","title":{"rendered":"Kindergottesdienst in Wendelsheim"},"content":{"rendered":"\n<p>Das KiGo-Team l\u00e4dt ein zum Kindergottesdienst in die ev. Kirchengemeinde in Wendelsheim:<\/p>\n\n\n\n<p>F\u00fcr alle Kinder im Alter von 4-10 Jahren.<\/p>\n\n\n\n<p>Der n\u00e4chste Kindergottesdienst findet am 18.11. von 10-12 Uhr im ev. Gemeindehaus mit Rollenverteilung f\u00fcr das Krippenspiel statt, welches wir im Familiengottesdienst am 24.12. um 16 Uhr auff\u00fchren wollen.<\/p>\n\n\n\n<p>Die Krippenspielproben werden dann jeden Samstag (25.11., 02.12., 09.12., 16.12.) von 10-11 Uhr in der ev. Kirche stattfinden. Generalprobe ist am 23.12. von 10-12 Uhr.<\/p>\n\n\n\n<p>Wir freuen uns auf ein sch\u00f6nes Krippenspiel am Heiligabend!<\/p>\n\n\n\n<p><strong>Euer KiGo-Team<\/strong><\/p>\n\n\n\n<p>Debora Loos \u2013 Annika Strunk \u2013 Gerda Zinser<\/p>\n\n\n\n<p>+++<\/p>\n\n\n\n<p>_____________________________________________________________________________________________________________<\/p>\n\n\n\n<p><strong>Zum KiGo allgemein<\/strong><\/p>\n\n\n\n<p>Liebe Kinder und Eltern,<\/p>\n\n\n\n<p>h\u00f6rt ihr gerne spannenden Geschichten, spielt und bastelt dazu?<\/p>\n\n\n\n<p>Liebe Eltern, haben Sie vielleicht sogar noch gute Erinnerungen aus der Kindheit an Ihre eigene Kindergottesdienstzeit? Vielleicht haben Sie schon l\u00e4ngst gedacht: \u201eEigentlich w\u00e4re so eine Gruppe doch auch etwas f\u00fcr unser Kind!\u201c Setzen Sie doch Ihre Gedanken in die Tat um.<\/p>\n\n\n\n<p>Jedes Wendelsheimer Kind (wir sind \u00f6kumenisch) von ca. 4-12 Jahren ist ganz herzlich eingeladen. Der Einstieg ist jederzeit m\u00f6glich. Auch Eltern d\u00fcrfen gerne teilnehmen, um dem j\u00fcngeren Kind den Anfang zu erleichtern. Da wir unser Programm immer mit mehreren Betreuern und Eltern gestalten, ist es f\u00fcr j\u00fcngere und \u00e4ltere Kinder interessant.<\/p>\n\n\n\n<p>Im Laufe des Jahres stehen bei uns immer wieder spannende Geschichten aus der Bibel und die gro\u00dfen kirchlichen Feste im Mittelpunkt. Wir sind kreativ, gestalten immer gerne etwas und vielleicht beteiligen wir uns bald auch einmal wieder bei einer kirchlichen Veranstaltung.<\/p>\n\n\n\n<p>Lust auf Kindergottesdienst bekommen?<\/p>\n\n\n\n<p><strong>Dann steigen Sie ein!<\/strong><\/p>\n","protected":false},"excerpt":{"rendered":"<p>Das KiGo-Team l\u00e4dt ein zum Kindergottesdienst in die ev. Kirchengemeinde in Wendelsheim: F\u00fcr alle Kinder im Alter von 4-10 Jahren. [&hellip;]<\/p>\n","protected":false},"author":1,"featured_media":0,"parent":0,"menu_order":0,"comment_status":"closed","ping_status":"closed","template":"","meta":{"site-sidebar-layout":"default","site-content-layout":"","ast-site-content-layout":"default","site-content-style":"default","site-sidebar-style":"default","ast-global-header-display":"","ast-banner-title-visibility":"","ast-main-header-display":"","ast-hfb-above-header-display":"","ast-hfb-below-header-display":"","ast-hfb-mobile-header-display":"","site-post-title":"","ast-breadcrumbs-content":"","ast-featured-img":"","footer-sml-layout":"","ast-disable-related-posts":"","theme-transparent-header-meta":"","adv-header-id-meta":"","stick-header-meta":"","header-above-stick-meta":"","header-main-stick-meta":"","header-below-stick-meta":"","astra-migrate-meta-layouts":"default","ast-page-background-enabled":"default","ast-page-background-meta":{"desktop":{"background-color":"var(--ast-global-color-5)","background-image":"","background-repeat":"repeat","background-position":"center center","background-size":"auto","background-attachment":"scroll","background-type":"","background-media":"","overlay-type":"","overlay-color":"","overlay-opacity":"","overlay-gradient":""},"tablet":{"background-color":"","background-image":"","background-repeat":"repeat","background-position":"center center","background-size":"auto","background-attachment":"scroll","background-type":"","background-media":"","overlay-type":"","overlay-color":"","overlay-opacity":"","overlay-gradient":""},"mobile":{"background-color":"","background-image":"","background-repeat":"repeat","background-position":"center center","background-size":"auto","background-attachment":"scroll","background-type":"","background-media":"","overlay-type":"","overlay-color":"","overlay-opacity":"","overlay-gradient":""}},"ast-content-background-meta":{"desktop":{"background-color":"var(--ast-global-color-4)","background-image":"","background-repeat":"repeat","background-position":"center center","background-size":"auto","background-attachment":"scroll","background-type":"","background-media":"","overlay-type":"","overlay-color":"","overlay-opacity":"","overlay-gradient":""},"tablet":{"background-color":"var(--ast-global-color-4)","background-image":"","background-repeat":"repeat","background-position":"center center","background-size":"auto","background-attachment":"scroll","background-type":"","background-media":"","overlay-type":"","overlay-color":"","overlay-opacity":"","overlay-gradient":""},"mobile":{"background-color":"var(--ast-global-color-4)","background-image":"","background-repeat":"repeat","background-position":"center center","background-size":"auto","background-attachment":"scroll","background-type":"","background-media":"","overlay-type":"","overlay-color":"","overlay-opacity":"","overlay-gradient":""}},"footnotes":""},"class_list":["post-135","page","type-page","status-publish","hentry"],"aioseo_notices":[],"_links":{"self":[{"href":"https:\/\/evkiweck.de\/index.php\/wp-json\/wp\/v2\/pages\/135","targetHints":{"allow":["GET"]}}],"collection":[{"href":"https:\/\/evkiweck.de\/index.php\/wp-json\/wp\/v2\/pages"}],"about":[{"href":"https:\/\/evkiweck.de\/index.php\/wp-json\/wp\/v2\/types\/page"}],"author":[{"embeddable":true,"href":"https:\/\/evkiweck.de\/index.php\/wp-json\/wp\/v2\/users\/1"}],"replies":[{"embeddable":true,"href":"https:\/\/evkiweck.de\/index.php\/wp-json\/wp\/v2\/comments?post=135"}],"version-history":[{"count":3,"href":"https:\/\/evkiweck.de\/index.php\/wp-json\/wp\/v2\/pages\/135\/revisions"}],"predecessor-version":[{"id":707,"href":"https:\/\/evkiweck.de\/index.php\/wp-json\/wp\/v2\/pages\/135\/revisions\/707"}],"wp:attachment":[{"href":"https:\/\/evkiweck.de\/index.php\/wp-json\/wp\/v2\/media?parent=135"}],"curies":[{"name":"wp","href":"https:\/\/api.w.org\/{rel}","templated":true}]}}

<p>Das KiGo-Team lädt ein zum Kindergottesdienst in die ev. Kirchengemeinde in Wendelsheim:</p>



<p>Für alle Kinder im Alter von 4-10 Jahren.</p>



<p>Der nächste Kindergottesdienst findet am 18.11. von 10-12 Uhr im ev. Gemeindehaus mit Rollenverteilung für das Krippenspiel statt, welches wir im Familiengottesdienst am 24.12. um 16 Uhr aufführen wollen.</p>



<p>Die Krippenspielproben werden dann jeden Samstag (25.11., 02.12., 09.12., 16.12.) von 10-11 Uhr in der ev. Kirche stattfinden. Generalprobe ist am 23.12. von 10-12 Uhr.</p>



<p>Wir freuen uns auf ein schönes Krippenspiel am Heiligabend!</p>



<p><strong>Euer KiGo-Team</strong></p>



<p>Debora Loos – Annika Strunk – Gerda Zinser</p>



<p>+++</p>



<p>_____________________________________________________________________________________________________________</p>



<p><strong>Zum KiGo allgemein</strong></p>



<p>Liebe Kinder und Eltern,</p>



<p>hört ihr gerne spannenden Geschichten, spielt und bastelt dazu?</p>



<p>Liebe Eltern, haben Sie vielleicht sogar noch gute Erinnerungen aus der Kindheit an Ihre eigene Kindergottesdienstzeit? Vielleicht haben Sie schon längst gedacht: „Eigentlich wäre so eine Gruppe doch auch etwas für unser Kind!“ Setzen Sie doch Ihre Gedanken in die Tat um.</p>



<p>Jedes Wendelsheimer Kind (wir sind ökumenisch) von ca. 4-12 Jahren ist ganz herzlich eingeladen. Der Einstieg ist jederzeit möglich. Auch Eltern dürfen gerne teilnehmen, um dem jüngeren Kind den Anfang zu erleichtern. Da wir unser Programm immer mit mehreren Betreuern und Eltern gestalten, ist es für jüngere und ältere Kinder interessant.</p>



<p>Im Laufe des Jahres stehen bei uns immer wieder spannende Geschichten aus der Bibel und die großen kirchlichen Feste im Mittelpunkt. Wir sind kreativ, gestalten immer gerne etwas und vielleicht beteiligen wir uns bald auch einmal wieder bei einer kirchlichen Veranstaltung.</p>



<p>Lust auf Kindergottesdienst bekommen?</p>



<p><strong>Dann steigen Sie ein!</strong></p>

<p>Das KiGo-Team lädt ein zum Kindergottesdienst in die ev. Kirchengemeinde in Wendelsheim: Für alle Kinder im Alter von 4-10 Jahren. [&hellip;]</p>
